{"id":3026,"date":"2020-10-31T12:04:21","date_gmt":"2020-10-31T11:04:21","guid":{"rendered":"https:\/\/enfanceetbiennaitre.fr\/?page_id=3026"},"modified":"2023-05-04T15:16:59","modified_gmt":"2023-05-04T13:16:59","slug":"contact-informations-pratiques","status":"publish","type":"page","link":"https:\/\/enfanceetbiennaitre.fr\/index.php\/contact-informations-pratiques\/","title":{"rendered":"Contact EBN"},"content":{"rendered":"\t\t<div data-elementor-type=\"wp-page\" data-elementor-id=\"3026\" class=\"elementor elementor-3026\" data-elementor-post-type=\"page\">\n\t\t\t\t\t\t<section class=\"elementor-section elementor-top-section elementor-element elementor-element-118bf6e9 elementor-section-boxed elementor-section-height-default elementor-section-height-default\" data-id=\"118bf6e9\" data-element_type=\"section\" data-e-type=\"section\" data-settings=\"{&quot;background_background&quot;:&quot;gradient&quot;}\">\n\t\t\t\t\t\t<div class=\"elementor-container elementor-column-gap-default\">\n\t\t\t\t\t<div class=\"elementor-column elementor-col-100 elementor-top-column elementor-element elementor-element-241283e0\" data-id=\"241283e0\" data-element_type=\"column\" data-e-type=\"column\">\n\t\t\t<div class=\"elementor-widget-wrap elementor-element-populated\">\n\t\t\t\t\t\t<div class=\"elementor-element elementor-element-7c80f6c9 elementor-widget elementor-widget-spacer\" data-id=\"7c80f6c9\" data-element_type=\"widget\" data-e-type=\"widget\" data-widget_type=\"spacer.default\">\n\t\t\t\t<div class=\"elementor-widget-container\">\n\t\t\t\t\t\t\t<div class=\"elementor-spacer\">\n\t\t\t<div class=\"elementor-spacer-inner\"><\/div>\n\t\t<\/div>\n\t\t\t\t\t\t<\/div>\n\t\t\t\t<\/div>\n\t\t\t\t<div class=\"elementor-element elementor-element-24730826 elementor-widget elementor-widget-heading\" data-id=\"24730826\" data-element_type=\"widget\" data-e-type=\"widget\" data-widget_type=\"heading.default\">\n\t\t\t\t<div class=\"elementor-widget-container\">\n\t\t\t\t\t<h2 class=\"elementor-heading-title elementor-size-default\">Formulaire de R\u00e9servation Formation(s)<\/h2>\t\t\t\t<\/div>\n\t\t\t\t<\/div>\n\t\t\t\t<div class=\"elementor-element elementor-element-2c103250 elementor-widget elementor-widget-spacer\" data-id=\"2c103250\" data-element_type=\"widget\" data-e-type=\"widget\" data-widget_type=\"spacer.default\">\n\t\t\t\t<div class=\"elementor-widget-container\">\n\t\t\t\t\t\t\t<div class=\"elementor-spacer\">\n\t\t\t<div class=\"elementor-spacer-inner\"><\/div>\n\t\t<\/div>\n\t\t\t\t\t\t<\/div>\n\t\t\t\t<\/div>\n\t\t\t\t<div class=\"elementor-element elementor-element-8a3869e elementor-hidden-desktop elementor-hidden-tablet elementor-hidden-phone elementor-widget elementor-widget-heading\" data-id=\"8a3869e\" data-element_type=\"widget\" data-e-type=\"widget\" data-widget_type=\"heading.default\">\n\t\t\t\t<div class=\"elementor-widget-container\">\n\t\t\t\t\t<h2 class=\"elementor-heading-title elementor-size-default\">contact &amp; informations pratiques<\/h2>\t\t\t\t<\/div>\n\t\t\t\t<\/div>\n\t\t\t\t<div class=\"elementor-element elementor-element-295079c elementor-hidden-desktop elementor-hidden-tablet elementor-hidden-phone elementor-widget elementor-widget-text-editor\" data-id=\"295079c\" data-element_type=\"widget\" data-e-type=\"widget\" data-widget_type=\"text-editor.default\">\n\t\t\t\t<div class=\"elementor-widget-container\">\n\t\t\t\t\t\t\t\t\t<p>Rubrique Contact &amp; informations pratiques<\/p><p>Sachez qu&rsquo;une formation peut \u00eatre report\u00e9e faute de participants. Dans ce cas-l\u00e0, nous vous contacterons \u00e0 l\u2019annonce de l\u2019annulation. Ou alors, d\u2019une modification de date ou d\u2019horaire d\u2019une formation pour laquelle vous avez r\u00e9serv\u00e9 votre place.<\/p><p>Graine de Massage<\/p><p>\u00a0<\/p><p>\u00a0\u00bb Vous souhaitez avoir des renseignements compl\u00e9mentaires, n&rsquo;h\u00e9sitez pas \u00e0 nous contacter \u00a0\u00bb\u00a0<\/p><p>\u00a0<\/p><p>\u00a0<\/p><h2>\u00a0<\/h2>\t\t\t\t\t\t\t\t<\/div>\n\t\t\t\t<\/div>\n\t\t\t\t<section class=\"elementor-section elementor-inner-section elementor-element elementor-element-99039bb elementor-section-boxed elementor-section-height-default elementor-section-height-default\" data-id=\"99039bb\" data-element_type=\"section\" data-e-type=\"section\">\n\t\t\t\t\t\t<div class=\"elementor-container elementor-column-gap-default\">\n\t\t\t\t\t<div class=\"elementor-column elementor-col-50 elementor-inner-column elementor-element elementor-element-ed0c582\" data-id=\"ed0c582\" data-element_type=\"column\" data-e-type=\"column\">\n\t\t\t<div class=\"elementor-widget-wrap elementor-element-populated\">\n\t\t\t\t\t\t<div class=\"elementor-element elementor-element-32e57ba elementor-hidden-desktop elementor-hidden-tablet elementor-hidden-phone elementor-widget elementor-widget-text-editor\" data-id=\"32e57ba\" data-element_type=\"widget\" data-e-type=\"widget\" data-widget_type=\"text-editor.default\">\n\t\t\t\t<div class=\"elementor-widget-container\">\n\t\t\t\t\t\t\t\t\t<div class=\"wpb_text_column wpb_content_element vc_custom_1582653001548\"><div class=\"wpb_wrapper\"><h2>ADRESSE DU CENTRE<\/h2><p>5 All\u00e9e des Lauriers,<br \/>77250 Moret-Loing-et-Orvanne<\/p><p>E-mail :<\/p><p><span style=\"color: #ff00ff;\"><a style=\"color: #ff00ff;\" href=\"mailto:enfanceetbiennaitre@gmail.com\">enfanceetbiennaitre@gmail.com<\/a><\/span><\/p><p>T\u00e9l\u00e9phone : 06 26 19 80 61<\/p><\/div><\/div><div class=\"wpb_text_column wpb_content_element vc_custom_1578578638469\"><div class=\"wpb_wrapper\"><h2>INFOS PRATIQUES<\/h2><p>Le Centre de Formation Enfance et Bien-Na\u00eetre <b>est aussi accessible\u00a0<\/b><strong>en transports en commun.<\/strong><\/p><p><strong>D\u00e9part de Paris Gare de Lyon \u2013 Prendre la Ligne R vers Montargis &#8211; s&rsquo;arr\u00eater \u00e0 Moret &#8211; Veneux-Les-Sablons<\/strong>.<\/p><p>Nous viendrons vous chercher, si besoin. (Service disponible sur demande)<\/p><\/div><\/div><h2>\u00c0 NOTER<\/h2><p>Sachez qu&rsquo;une formation peut \u00eatre report\u00e9e faute de participants. Dans ce cas-l\u00e0, nous vous contacterons \u00e0 l\u2019annonce de l\u2019annulation. Ou alors, d\u2019une modification de date ou d\u2019horaire d\u2019une formation pour laquelle vous avez r\u00e9serv\u00e9 votre place.<\/p><p>Vous acceptez qu&rsquo;Enfance et Bien-Na\u00eetre puisse utiliser les coordonn\u00e9es que vous avez saisies lors de la r\u00e9servation afin de vous tenir inform\u00e9s de la marche \u00e0 suivre. Ainsi, nous vous invitons en tout \u00e9tat de cause \u00e0 v\u00e9rifier 4 jours avant votre formation que celle-ci est bien maintenue sans modifications. N&rsquo;h\u00e9sitez pas \u00e0 utiliser la rubrique <a href=\"https:\/\/enfanceetbiennaitre.fr\/index.php\/calendrier\/\">Calendrier.<\/a><\/p><h2>\u00a0<\/h2><p>Rejoignez nous sur <a href=\"https:\/\/www.facebook.com\/pg\/enfanceetbiennaitre\/\">Facebook.<\/a><\/p>\t\t\t\t\t\t\t\t<\/div>\n\t\t\t\t<\/div>\n\t\t\t\t\t<\/div>\n\t\t<\/div>\n\t\t\t\t<div class=\"elementor-column elementor-col-50 elementor-inner-column elementor-element elementor-element-2d710ab\" data-id=\"2d710ab\" data-element_type=\"column\" data-e-type=\"column\">\n\t\t\t<div class=\"elementor-widget-wrap\">\n\t\t\t\t\t\t\t<\/div>\n\t\t<\/div>\n\t\t\t\t\t<\/div>\n\t\t<\/section>\n\t\t\t\t<div class=\"elementor-element elementor-element-842c1a7 elementor-hidden-desktop elementor-hidden-tablet elementor-hidden-phone elementor-widget elementor-widget-heading\" data-id=\"842c1a7\" data-element_type=\"widget\" data-e-type=\"widget\" data-widget_type=\"heading.default\">\n\t\t\t\t<div class=\"elementor-widget-container\">\n\t\t\t\t\t<h3 class=\"elementor-heading-title elementor-size-default\">contact &amp; informations pratiques<\/h3>\t\t\t\t<\/div>\n\t\t\t\t<\/div>\n\t\t\t\t<div class=\"elementor-element elementor-element-4f10063b elementor-widget elementor-widget-spacer\" data-id=\"4f10063b\" data-element_type=\"widget\" data-e-type=\"widget\" data-widget_type=\"spacer.default\">\n\t\t\t\t<div class=\"elementor-widget-container\">\n\t\t\t\t\t\t\t<div class=\"elementor-spacer\">\n\t\t\t<div class=\"elementor-spacer-inner\"><\/div>\n\t\t<\/div>\n\t\t\t\t\t\t<\/div>\n\t\t\t\t<\/div>\n\t\t\t\t\t<\/div>\n\t\t<\/div>\n\t\t\t\t\t<\/div>\n\t\t<\/section>\n\t\t\t\t<section class=\"elementor-section elementor-top-section elementor-element elementor-element-bd202ae elementor-section-boxed elementor-section-height-default elementor-section-height-default\" data-id=\"bd202ae\" data-element_type=\"section\" data-e-type=\"section\" data-settings=\"{&quot;background_background&quot;:&quot;gradient&quot;}\">\n\t\t\t\t\t\t<div class=\"elementor-container elementor-column-gap-default\">\n\t\t\t\t\t<div class=\"elementor-column elementor-col-100 elementor-top-column elementor-element elementor-element-ffd0382\" data-id=\"ffd0382\" data-element_type=\"column\" data-e-type=\"column\">\n\t\t\t<div class=\"elementor-widget-wrap elementor-element-populated\">\n\t\t\t\t\t\t<div class=\"elementor-element elementor-element-2046d12 elementor-hidden-desktop elementor-hidden-tablet elementor-hidden-phone elementor-widget elementor-widget-heading\" data-id=\"2046d12\" data-element_type=\"widget\" data-e-type=\"widget\" data-widget_type=\"heading.default\">\n\t\t\t\t<div class=\"elementor-widget-container\">\n\t\t\t\t\t<h3 class=\"elementor-heading-title elementor-size-default\">contact &amp; informations pratiques<\/h3>\t\t\t\t<\/div>\n\t\t\t\t<\/div>\n\t\t\t\t<div class=\"elementor-element elementor-element-47c8f4e elementor-button-align-stretch elementor-widget elementor-widget-form\" data-id=\"47c8f4e\" data-element_type=\"widget\" data-e-type=\"widget\" data-settings=\"{&quot;step_next_label&quot;:&quot;Suivant&quot;,&quot;step_previous_label&quot;:&quot;Pr\\u00e9c\\u00e9dent&quot;,&quot;button_width&quot;:&quot;100&quot;,&quot;step_type&quot;:&quot;number_text&quot;,&quot;step_icon_shape&quot;:&quot;circle&quot;}\" data-widget_type=\"form.default\">\n\t\t\t\t<div class=\"elementor-widget-container\">\n\t\t\t\t\t\t\t<form class=\"elementor-form\" method=\"post\" name=\"Contact\" aria-label=\"Contact\">\n\t\t\t<input type=\"hidden\" name=\"post_id\" value=\"3026\"\/>\n\t\t\t<input type=\"hidden\" name=\"form_id\" value=\"47c8f4e\"\/>\n\t\t\t<input type=\"hidden\" name=\"referer_title\" value=\"Contact &amp; informations Pratiques - Enfance et Bien-Na\u00eetre\" \/>\n\n\t\t\t\t\t\t\t<input type=\"hidden\" name=\"queried_id\" value=\"3026\"\/>\n\t\t\t\n\t\t\t<div class=\"elementor-form-fields-wrapper elementor-labels-above\">\n\t\t\t\t\t\t\t\t<div class=\"elementor-field-type-select elementor-field-group elementor-column elementor-field-group-field_5093283 elementor-col-100 elementor-field-required\">\n\t\t\t\t\t\t\t\t\t\t\t\t<label for=\"form-field-field_5093283\" class=\"elementor-field-label\">\n\t\t\t\t\t\t\t\tFormation\t\t\t\t\t\t\t<\/label>\n\t\t\t\t\t\t\t\t<div class=\"elementor-field elementor-select-wrapper remove-before \">\n\t\t\t<div class=\"select-caret-down-wrapper\">\n\t\t\t\t<i aria-hidden=\"true\" class=\"eicon-caret-down\"><\/i>\t\t\t<\/div>\n\t\t\t<select name=\"form_fields[field_5093283]\" id=\"form-field-field_5093283\" class=\"elementor-field-textual elementor-size-sm\" required=\"required\">\n\t\t\t\t\t\t\t\t\t<option value=\"Yoga et Relaxation B\u00e9b\u00e9 et Enfant\">Yoga et Relaxation B\u00e9b\u00e9 et Enfant<\/option>\n\t\t\t\t\t\t\t\t\t<option value=\"\u00c9veil B\u00e9b\u00e9 et Enfant\">\u00c9veil B\u00e9b\u00e9 et Enfant<\/option>\n\t\t\t\t\t\t\t\t\t<option value=\"Massage B\u00e9b\u00e9 et Enfant (\u00c9veil corporel et bien-\u00eatre Enfant)\">Massage B\u00e9b\u00e9 et Enfant (\u00c9veil corporel et bien-\u00eatre Enfant)<\/option>\n\t\t\t\t\t\t\t\t\t<option value=\"Intervention au Sein de Votre Structure : Formations se d\u00e9roulant au sein de votre structure petite enfance\">Intervention au Sein de Votre Structure : Formations se d\u00e9roulant au sein de votre structure petite enfance<\/option>\n\t\t\t\t\t\t\t\t\t<option value=\"Cursus Complet\">Cursus Complet<\/option>\n\t\t\t\t\t\t\t<\/select>\n\t\t<\/div>\n\t\t\t\t\t\t<\/div>\n\t\t\t\t\t\t\t\t<div class=\"elementor-field-type-date elementor-field-group elementor-column elementor-field-group-field_87381b0 elementor-col-100 elementor-field-required\">\n\t\t\t\t\t\t\t\t\t\t\t\t<label for=\"form-field-field_87381b0\" class=\"elementor-field-label\">\n\t\t\t\t\t\t\t\tDate\t\t\t\t\t\t\t<\/label>\n\t\t\t\t\t\t\n\t\t<input type=\"date\" name=\"form_fields[field_87381b0]\" id=\"form-field-field_87381b0\" class=\"elementor-field elementor-size-sm  elementor-field-textual elementor-date-field\" placeholder=\"Date\" required=\"required\" pattern=\"[0-9]{4}-[0-9]{2}-[0-9]{2}\">\n\t\t\t\t\t\t<\/div>\n\t\t\t\t\t\t\t\t<div class=\"elementor-field-type-text elementor-field-group elementor-column elementor-field-group-name elementor-col-100 elementor-field-required\">\n\t\t\t\t\t\t\t\t\t\t\t\t<label for=\"form-field-name\" class=\"elementor-field-label\">\n\t\t\t\t\t\t\t\tNom et Pr\u00e9nom\t\t\t\t\t\t\t<\/label>\n\t\t\t\t\t\t\t\t\t\t\t\t\t\t<input size=\"1\" type=\"text\" name=\"form_fields[name]\" id=\"form-field-name\" class=\"elementor-field elementor-size-sm  elementor-field-textual\" placeholder=\"Nom et Pr\u00e9nom\" required=\"required\">\n\t\t\t\t\t\t\t\t\t\t\t<\/div>\n\t\t\t\t\t\t\t\t<div class=\"elementor-field-type-email elementor-field-group elementor-column elementor-field-group-email elementor-col-100 elementor-field-required\">\n\t\t\t\t\t\t\t\t\t\t\t\t<label for=\"form-field-email\" class=\"elementor-field-label\">\n\t\t\t\t\t\t\t\tE-mail\t\t\t\t\t\t\t<\/label>\n\t\t\t\t\t\t\t\t\t\t\t\t\t\t<input size=\"1\" type=\"email\" name=\"form_fields[email]\" id=\"form-field-email\" class=\"elementor-field elementor-size-sm  elementor-field-textual\" placeholder=\"E-mail\" required=\"required\">\n\t\t\t\t\t\t\t\t\t\t\t<\/div>\n\t\t\t\t\t\t\t\t<div class=\"elementor-field-type-textarea elementor-field-group elementor-column elementor-field-group-message elementor-col-100\">\n\t\t\t\t\t\t\t\t\t\t\t\t<label for=\"form-field-message\" class=\"elementor-field-label\">\n\t\t\t\t\t\t\t\tDes Questions ?\t\t\t\t\t\t\t<\/label>\n\t\t\t\t\t\t<textarea class=\"elementor-field-textual elementor-field  elementor-size-sm\" name=\"form_fields[message]\" id=\"form-field-message\" rows=\"4\" placeholder=\"Message\"><\/textarea>\t\t\t\t<\/div>\n\t\t\t\t\t\t\t\t<div class=\"elementor-field-type-recaptcha elementor-field-group elementor-column elementor-field-group-field_716266b elementor-col-100\">\n\t\t\t\t\t<div class=\"elementor-field\" id=\"form-field-field_716266b\"><div class=\"elementor-g-recaptcha\" data-sitekey=\"6LcYvQ0eAAAAADfGdm8upj50HBZR0R10fCpPsDB8\" data-type=\"v2_checkbox\" data-theme=\"light\" data-size=\"normal\"><\/div><\/div>\t\t\t\t<\/div>\n\t\t\t\t\t\t\t\t<div class=\"elementor-field-group elementor-column elementor-field-type-submit elementor-col-100 e-form__buttons\">\n\t\t\t\t\t<button class=\"elementor-button elementor-size-sm\" type=\"submit\">\n\t\t\t\t\t\t<span class=\"elementor-button-content-wrapper\">\n\t\t\t\t\t\t\t\t\t\t\t\t\t\t\t\t\t\t\t\t\t\t<span class=\"elementor-button-text\">Envoyer<\/span>\n\t\t\t\t\t\t\t\t\t\t\t\t\t<\/span>\n\t\t\t\t\t<\/button>\n\t\t\t\t<\/div>\n\t\t\t<\/div>\n\t\t<\/form>\n\t\t\t\t\t\t<\/div>\n\t\t\t\t<\/div>\n\t\t\t\t<div class=\"elementor-element elementor-element-bd801fb elementor-widget elementor-widget-spacer\" data-id=\"bd801fb\" data-element_type=\"widget\" data-e-type=\"widget\" data-widget_type=\"spacer.default\">\n\t\t\t\t<div class=\"elementor-widget-container\">\n\t\t\t\t\t\t\t<div class=\"elementor-spacer\">\n\t\t\t<div class=\"elementor-spacer-inner\"><\/div>\n\t\t<\/div>\n\t\t\t\t\t\t<\/div>\n\t\t\t\t<\/div>\n\t\t\t\t<section class=\"elementor-section elementor-inner-section elementor-element elementor-element-66a5c93 elementor-section-boxed elementor-section-height-default elementor-section-height-default\" data-id=\"66a5c93\" data-element_type=\"section\" data-e-type=\"section\">\n\t\t\t\t\t\t<div class=\"elementor-container elementor-column-gap-default\">\n\t\t\t\t\t<div class=\"elementor-column elementor-col-33 elementor-inner-column elementor-element elementor-element-7a46d54\" data-id=\"7a46d54\" data-element_type=\"column\" data-e-type=\"column\">\n\t\t\t<div class=\"elementor-widget-wrap elementor-element-populated\">\n\t\t\t\t\t\t<div class=\"elementor-element elementor-element-56d9fc9 elementor-view-framed elementor-shape-circle elementor-widget elementor-widget-icon\" data-id=\"56d9fc9\" data-element_type=\"widget\" data-e-type=\"widget\" data-widget_type=\"icon.default\">\n\t\t\t\t<div class=\"elementor-widget-container\">\n\t\t\t\t\t\t\t<div class=\"elementor-icon-wrapper\">\n\t\t\t<div class=\"elementor-icon\">\n\t\t\t<i aria-hidden=\"true\" class=\"icon icon-email\"><\/i>\t\t\t<\/div>\n\t\t<\/div>\n\t\t\t\t\t\t<\/div>\n\t\t\t\t<\/div>\n\t\t\t\t<div class=\"elementor-element elementor-element-d2c0e3f elementor-widget elementor-widget-text-editor\" data-id=\"d2c0e3f\" data-element_type=\"widget\" data-e-type=\"widget\" data-widget_type=\"text-editor.default\">\n\t\t\t\t<div class=\"elementor-widget-container\">\n\t\t\t\t\t\t\t\t\t<p><span style=\"color: #ff9900;\"><a style=\"color: #ff9900;\" href=\"mailto:enfanceetbiennaitre@gmail.com\">enfanceetbiennaitre@gmail.com<\/a><\/span><\/p>\t\t\t\t\t\t\t\t<\/div>\n\t\t\t\t<\/div>\n\t\t\t\t\t<\/div>\n\t\t<\/div>\n\t\t\t\t<div class=\"elementor-column elementor-col-33 elementor-inner-column elementor-element elementor-element-710c67e\" data-id=\"710c67e\" data-element_type=\"column\" data-e-type=\"column\">\n\t\t\t<div class=\"elementor-widget-wrap elementor-element-populated\">\n\t\t\t\t\t\t<div class=\"elementor-element elementor-element-d9d9c4f elementor-view-framed elementor-shape-circle elementor-widget elementor-widget-icon\" data-id=\"d9d9c4f\" data-element_type=\"widget\" data-e-type=\"widget\" data-widget_type=\"icon.default\">\n\t\t\t\t<div class=\"elementor-widget-container\">\n\t\t\t\t\t\t\t<div class=\"elementor-icon-wrapper\">\n\t\t\t<div class=\"elementor-icon\">\n\t\t\t<i aria-hidden=\"true\" class=\"icon icon-house-2\"><\/i>\t\t\t<\/div>\n\t\t<\/div>\n\t\t\t\t\t\t<\/div>\n\t\t\t\t<\/div>\n\t\t\t\t<div class=\"elementor-element elementor-element-c65534d elementor-widget elementor-widget-text-editor\" data-id=\"c65534d\" data-element_type=\"widget\" data-e-type=\"widget\" data-widget_type=\"text-editor.default\">\n\t\t\t\t<div class=\"elementor-widget-container\">\n\t\t\t\t\t\t\t\t\t<p><span class=\"LrzXr\">5 All\u00e9e des Lauriers,<br \/>77250 Moret-Loing-et-Orvanne<\/span><\/p>\t\t\t\t\t\t\t\t<\/div>\n\t\t\t\t<\/div>\n\t\t\t\t\t<\/div>\n\t\t<\/div>\n\t\t\t\t<div class=\"elementor-column elementor-col-33 elementor-inner-column elementor-element elementor-element-2691bc7\" data-id=\"2691bc7\" data-element_type=\"column\" data-e-type=\"column\">\n\t\t\t<div class=\"elementor-widget-wrap elementor-element-populated\">\n\t\t\t\t\t\t<div class=\"elementor-element elementor-element-c04cbe4 elementor-view-framed elementor-shape-circle elementor-widget elementor-widget-icon\" data-id=\"c04cbe4\" data-element_type=\"widget\" data-e-type=\"widget\" data-widget_type=\"icon.default\">\n\t\t\t\t<div class=\"elementor-widget-container\">\n\t\t\t\t\t\t\t<div class=\"elementor-icon-wrapper\">\n\t\t\t<div class=\"elementor-icon\">\n\t\t\t<i aria-hidden=\"true\" class=\"icon icon-phone-call1\"><\/i>\t\t\t<\/div>\n\t\t<\/div>\n\t\t\t\t\t\t<\/div>\n\t\t\t\t<\/div>\n\t\t\t\t<div class=\"elementor-element elementor-element-90baf8e elementor-widget elementor-widget-text-editor\" data-id=\"90baf8e\" data-element_type=\"widget\" data-e-type=\"widget\" data-widget_type=\"text-editor.default\">\n\t\t\t\t<div class=\"elementor-widget-container\">\n\t\t\t\t\t\t\t\t\t<p><span style=\"color: #ff9900;\"><a style=\"color: #ff9900;\" href=\"tel:+33626198061\">06 26 19 80 61<\/a><\/span><\/p>\t\t\t\t\t\t\t\t<\/div>\n\t\t\t\t<\/div>\n\t\t\t\t\t<\/div>\n\t\t<\/div>\n\t\t\t\t\t<\/div>\n\t\t<\/section>\n\t\t\t\t<div class=\"elementor-element elementor-element-7dcc025 elementor-widget elementor-widget-image\" data-id=\"7dcc025\" data-element_type=\"widget\" data-e-type=\"widget\" data-widget_type=\"image.default\">\n\t\t\t\t<div class=\"elementor-widget-container\">\n\t\t\t\t\t\t\t\t\t\t\t\t\t\t\t<img fetchpriority=\"high\" decoding=\"async\" width=\"300\" height=\"300\" src=\"https:\/\/enfanceetbiennaitre.fr\/wp-content\/uploads\/2023\/05\/cropped-Logo-Nath-300x300.png\" class=\"attachment-medium size-medium wp-image-5797\" alt=\"\" srcset=\"https:\/\/enfanceetbiennaitre.fr\/wp-content\/uploads\/2023\/05\/cropped-Logo-Nath-300x300.png 300w, https:\/\/enfanceetbiennaitre.fr\/wp-content\/uploads\/2023\/05\/cropped-Logo-Nath-150x150.png 150w, https:\/\/enfanceetbiennaitre.fr\/wp-content\/uploads\/2023\/05\/cropped-Logo-Nath-75x75.png 75w, https:\/\/enfanceetbiennaitre.fr\/wp-content\/uploads\/2023\/05\/cropped-Logo-Nath-270x270.png 270w, https:\/\/enfanceetbiennaitre.fr\/wp-content\/uploads\/2023\/05\/cropped-Logo-Nath-192x192.png 192w, https:\/\/enfanceetbiennaitre.fr\/wp-content\/uploads\/2023\/05\/cropped-Logo-Nath-180x180.png 180w, https:\/\/enfanceetbiennaitre.fr\/wp-content\/uploads\/2023\/05\/cropped-Logo-Nath-32x32.png 32w, https:\/\/enfanceetbiennaitre.fr\/wp-content\/uploads\/2023\/05\/cropped-Logo-Nath.png 512w\" sizes=\"(max-width: 300px) 100vw, 300px\" \/>\t\t\t\t\t\t\t\t\t\t\t\t\t\t\t<\/div>\n\t\t\t\t<\/div>\n\t\t\t\t\t<\/div>\n\t\t<\/div>\n\t\t\t\t\t<\/div>\n\t\t<\/section>\n\t\t\t\t<\/div>\n\t\t","protected":false},"excerpt":{"rendered":"<p>Formulaire de R\u00e9servation Formation(s) contact &#038; informations pratiques Rubrique Contact &amp; informations pratiques Sachez qu&rsquo;une formation peut \u00eatre report\u00e9e faute de participants. Dans ce cas-l\u00e0, nous vous contacterons \u00e0 l\u2019annonce de l\u2019annulation. Ou alors, d\u2019une modification de date ou d\u2019horaire d\u2019une formation pour laquelle vous avez r\u00e9serv\u00e9 votre place. Graine de Massage \u00a0 \u00a0\u00bb Vous [&hellip;]<\/p>\n","protected":false},"author":1,"featured_media":0,"parent":0,"menu_order":0,"comment_status":"closed","ping_status":"closed","template":"","meta":{"footnotes":""},"class_list":["post-3026","page","type-page","status-publish","hentry"],"_links":{"self":[{"href":"https:\/\/enfanceetbiennaitre.fr\/index.php\/wp-json\/wp\/v2\/pages\/3026","targetHints":{"allow":["GET"]}}],"collection":[{"href":"https:\/\/enfanceetbiennaitre.fr\/index.php\/wp-json\/wp\/v2\/pages"}],"about":[{"href":"https:\/\/enfanceetbiennaitre.fr\/index.php\/wp-json\/wp\/v2\/types\/page"}],"author":[{"embeddable":true,"href":"https:\/\/enfanceetbiennaitre.fr\/index.php\/wp-json\/wp\/v2\/users\/1"}],"replies":[{"embeddable":true,"href":"https:\/\/enfanceetbiennaitre.fr\/index.php\/wp-json\/wp\/v2\/comments?post=3026"}],"version-history":[{"count":89,"href":"https:\/\/enfanceetbiennaitre.fr\/index.php\/wp-json\/wp\/v2\/pages\/3026\/revisions"}],"predecessor-version":[{"id":5898,"href":"https:\/\/enfanceetbiennaitre.fr\/index.php\/wp-json\/wp\/v2\/pages\/3026\/revisions\/5898"}],"wp:attachment":[{"href":"https:\/\/enfanceetbiennaitre.fr\/index.php\/wp-json\/wp\/v2\/media?parent=3026"}],"curies":[{"name":"wp","href":"https:\/\/api.w.org\/{rel}","templated":true}]}}